{"id":10566,"date":"2023-06-08T10:23:48","date_gmt":"2023-06-08T08:23:48","guid":{"rendered":"https:\/\/heimatland-um.eu\/?page_id=10566"},"modified":"2023-07-19T12:53:21","modified_gmt":"2023-07-19T10:53:21","slug":"gesetzblatt-nummer-1848-nr-11-strassen-im-kreis-soldin-neumark-0-2-2","status":"publish","type":"page","link":"https:\/\/heimatland-um.eu\/?page_id=10566","title":{"rendered":"Gesetzblatt 1848 Nr. 3027 &#038; 3028 &#8211; Stra\u00dfen im Kreis K\u00f6nigsberg\/Neumark [0]"},"content":{"rendered":"<div class=\"su-spacer\" style=\"height:15px\"><\/div>\n\n\n\n<p>Allerh\u00f6chster Erla\u00df vom 11. August 1848., betreffend die den St\u00e4nden des K\u00f6nigsberger Kreises bewilligten fiskalischen Vorrechte in Bezug auf den Bau und die Unterhaltung der Stra\u00dfen<br><\/p>\n\n\n\n<p><br>1) von C\u00fcstrin (Kostrzyn) \u00fcber Neudamm (D\u0119bno) bis zur Kreisgrenze in der Richtung auf Soldin (My\u015blib\u00f3rz) und Pyritz (Pyrzyce);<br>2) von Zorndorf (Sarbinowo) \u00fcber Quartschen (Chwarszczany) und B\u00e4rwalde (Mieszkowice) nach K\u00f6nigsberg (Chojna);<br>3) von K\u00f6nigsberg nach der neuen Oder bei Nieder-Wutzow (heute Niederwutzen\/ Osin\u00f3w Dolny);<br>4) von K\u00f6nigsberg nach der Oder bei Nieder-Kr\u00e4nig (Krajnik Dolny) in der Richtung auf Schwedt (\u015awiecie);<br>5) von K\u00f6nigsberg \u00fcber Sch\u00f6nflie\u00df (Trzci\u0144sko Zdr\u00f3j) nach der Grenze des Soldiner Kreises in der Richtung auf Soldin, und<br>6) von dem neuen Belliner (Bielin) Vorwerk nach der Oder bei G\u00fcstebiese (Gozdowice)<\/p>\n\n\n<div class=\"su-spacer\" style=\"height:15px\"><\/div>\n\n\n\n\t\t<div class=\"wppdfemb-frame-container-1\" style=\"-webkit-overflow-scrolling:auto;\">\n\t\t\t<iframe class=\"pdfembed-iframe nonfullscreen wppdf-emb-iframe-1\"\n\t\t\t\tsrc=\"https:\/\/heimatland-um.eu\/?pdfemb-data=eyJwZGZJRCI6MTA1NjgsImluZGV4IjoxLCJwZGZlbWItc2VydmV1cmwiOiJodHRwcyUzQSUyRiUyRmhlaW1hdGxhbmQtdW0uZXUlMkZ3cC1jb250ZW50JTJGdXBsb2FkcyUyRnNlY3VyZXBkZnMlMkYyMDIzJTJGMDYlMkZHQl8zOV8xODQ4LTA5LTEzX1N0cmFzc2VuX0hVTS5wZGYiLCJ3bV90ZXh0IjoiZDNkM0xtaGxhVzFoZEd4aGJtUXRkVzB1WkdVTkNnMEtlM1Z6WlhKdVlXMWxmUTBLRFFwM2QzY3VhR1ZwYldGMGJHRnVaQzExYlM1a1pRPT0ifQ\"\n\t\t\t\t\t\t\t\tdata-pdf-id=\"10568\"\n\t\t\t\tdata-pdf-index=\"1\"\n\t\t\t\tstyle=\"border:none;width:100%;max-width:100%;height:100vh;\"\n\t\t\t\tscrolling=\"yes\">\n\t\t\t<\/iframe>\n\t\t<\/div>\n\n\t\t\n<p class=\"wp-block-pdfemb-pdf-embedder-viewer\"><\/p>\n\n\n<div class=\"su-spacer\" style=\"height:15px\"><\/div>\n\n\n<div class=\"su-divider su-divider-style-default\" style=\"margin:0px 0;border-width:1px;border-color:#999999\"><a href=\"#\" style=\"color:#999999\">Nach oben<\/a><\/div>\n<div class=\"gsp_post_data\" \r\n\t            data-post_type=\"page\" \r\n\t            data-cat=\"\" \r\n\t            data-modified=\"120\"\r\n\t            data-created=\"1686219828\"\r\n\t            data-title=\"Gesetzblatt 1848 Nr. 3027 &#038; 3028 &#8211; Stra\u00dfen im Kreis K\u00f6nigsberg\/Neumark [0]\" \r\n\t            data-home=\"https:\/\/heimatland-um.eu\"><\/div>","protected":false},"excerpt":{"rendered":"<p>Allerh\u00f6chster Erla\u00df vom 11. August 1848., betreffend die den St\u00e4nden des K\u00f6nigsberger Kreises bewilligten fiskalischen Vorrechte in Bezug auf den Bau und die Unterhaltung der Stra\u00dfen 1) von C\u00fcstrin (Kostrzyn) \u00fcber Neudamm (D\u0119bno) bis zur Kreisgrenze in der Richtung auf Soldin (My\u015blib\u00f3rz) und Pyritz (Pyrzyce);2) von Zorndorf (Sarbinowo) \u00fcber Quartschen (Chwarszczany) und B\u00e4rwalde (Mieszkowice) nach K\u00f6nigsberg (Chojna);3) von K\u00f6nigsberg nach <a class=\"read-more\" href=\"https:\/\/heimatland-um.eu\/?page_id=10566\">weiterlesen<\/a><\/p>\n","protected":false},"author":1,"featured_media":0,"parent":10529,"menu_order":0,"comment_status":"closed","ping_status":"closed","template":"","meta":{"ngg_post_thumbnail":0,"footnotes":""},"folder":[],"class_list":["post-10566","page","type-page","status-publish","hentry"],"_links":{"self":[{"href":"https:\/\/heimatland-um.eu\/index.php?rest_route=\/wp\/v2\/pages\/10566","targetHints":{"allow":["GET"]}}],"collection":[{"href":"https:\/\/heimatland-um.eu\/index.php?rest_route=\/wp\/v2\/pages"}],"about":[{"href":"https:\/\/heimatland-um.eu\/index.php?rest_route=\/wp\/v2\/types\/page"}],"author":[{"embeddable":true,"href":"https:\/\/heimatland-um.eu\/index.php?rest_route=\/wp\/v2\/users\/1"}],"replies":[{"embeddable":true,"href":"https:\/\/heimatland-um.eu\/index.php?rest_route=%2Fwp%2Fv2%2Fcomments&post=10566"}],"version-history":[{"count":11,"href":"https:\/\/heimatland-um.eu\/index.php?rest_route=\/wp\/v2\/pages\/10566\/revisions"}],"predecessor-version":[{"id":10863,"href":"https:\/\/heimatland-um.eu\/index.php?rest_route=\/wp\/v2\/pages\/10566\/revisions\/10863"}],"up":[{"embeddable":true,"href":"https:\/\/heimatland-um.eu\/index.php?rest_route=\/wp\/v2\/pages\/10529"}],"wp:attachment":[{"href":"https:\/\/heimatland-um.eu\/index.php?rest_route=%2Fwp%2Fv2%2Fmedia&parent=10566"}],"wp:term":[{"taxonomy":"folder","embeddable":true,"href":"https:\/\/heimatland-um.eu\/index.php?rest_route=%2Fwp%2Fv2%2Ffolder&post=10566"}],"curies":[{"name":"wp","href":"https:\/\/api.w.org\/{rel}","templated":true}]}}