{"id":10677,"date":"2023-07-05T14:17:27","date_gmt":"2023-07-05T12:17:27","guid":{"rendered":"https:\/\/heimatland-um.eu\/?page_id=10677"},"modified":"2023-07-10T10:36:14","modified_gmt":"2023-07-10T08:36:14","slug":"mein-regiment-meine-schwadron-1937-ausschnitt-0-2-2-2","status":"publish","type":"page","link":"https:\/\/heimatland-um.eu\/?page_id=10677","title":{"rendered":"Abzug des Reiterregimentes 1937 \/ [0]"},"content":{"rendered":"\n<figure class=\"wp-block-video\"><video height=\"720\" style=\"aspect-ratio: 1280 \/ 720;\" width=\"1280\" controls src=\"https:\/\/heimatland-um.eu\/wp-content\/uploads\/2023\/07\/FormatFactory-Mux-KR_6KR_63.mp4\"><\/video><figcaption class=\"wp-element-caption\">(Quelle: unbekannt, Datei Hausarchiv)<\/figcaption><\/figure>\n\n\n<div class=\"su-spacer\" style=\"height:15px\"><\/div>\n\n\n\n<p>Privataufnahmen, wahrscheinlich vom Ummarsch des Kavallerie-Regimentes Nr. 6 durch die Stadt Schwedt am 8.9.1937 ab 10 Uhr, w\u00e4hrend der Abschiedsfeiern aus Anla\u00df der Verlegung des Regimentes nach Darmstadt. Hier die Parade durch die Stadt im Bereich Vierradener- und Berliner Stra\u00dfe, Verladung der Pferde und Material, Ausfahrt des Zuges und Schlo\u00df mit Radfahrer.<br>Da es mehrere Paraden gab ist die Datierung schwierig. Aber die Hinweise im Film zum Feldgottesdienst und Zapfenstreich weisen auf den 8. September hin. Die gro\u00dfe Abschiedsparade fand bereits am 29.8.1937 statt. Am 30.8.1937 gab es ein Ausreiten der Schwadronen mit dem Trompeterkorps und am 6. &amp; 7. August fanden Umm\u00e4rsche einzelner Schwadronen statt.<\/p>\n\n\n<div class=\"su-spacer\" style=\"height:15px\"><\/div>\n\n\n<div class=\"su-divider su-divider-style-default\" style=\"margin:0px 0;border-width:1px;border-color:#999999\"><a href=\"#\" style=\"color:#999999\">Nach oben<\/a><\/div>\n<div class=\"gsp_post_data\" \r\n\t            data-post_type=\"page\" \r\n\t            data-cat=\"\" \r\n\t            data-modified=\"120\"\r\n\t            data-created=\"1688566647\"\r\n\t            data-title=\"Abzug des Reiterregimentes 1937 \/ [0]\" \r\n\t            data-home=\"https:\/\/heimatland-um.eu\"><\/div>","protected":false},"excerpt":{"rendered":"<p>Privataufnahmen, wahrscheinlich vom Ummarsch des Kavallerie-Regimentes Nr. 6 durch die Stadt Schwedt am 8.9.1937 ab 10 Uhr, w\u00e4hrend der Abschiedsfeiern aus Anla\u00df der Verlegung des Regimentes nach Darmstadt. Hier die Parade durch die Stadt im Bereich Vierradener- und Berliner Stra\u00dfe, Verladung der Pferde und Material, Ausfahrt des Zuges und Schlo\u00df mit Radfahrer.Da es mehrere Paraden gab ist die Datierung schwierig. <a class=\"read-more\" href=\"https:\/\/heimatland-um.eu\/?page_id=10677\">weiterlesen<\/a><\/p>\n","protected":false},"author":1,"featured_media":0,"parent":10638,"menu_order":0,"comment_status":"closed","ping_status":"closed","template":"","meta":{"ngg_post_thumbnail":0,"footnotes":""},"folder":[],"class_list":["post-10677","page","type-page","status-publish","hentry"],"_links":{"self":[{"href":"https:\/\/heimatland-um.eu\/index.php?rest_route=\/wp\/v2\/pages\/10677","targetHints":{"allow":["GET"]}}],"collection":[{"href":"https:\/\/heimatland-um.eu\/index.php?rest_route=\/wp\/v2\/pages"}],"about":[{"href":"https:\/\/heimatland-um.eu\/index.php?rest_route=\/wp\/v2\/types\/page"}],"author":[{"embeddable":true,"href":"https:\/\/heimatland-um.eu\/index.php?rest_route=\/wp\/v2\/users\/1"}],"replies":[{"embeddable":true,"href":"https:\/\/heimatland-um.eu\/index.php?rest_route=%2Fwp%2Fv2%2Fcomments&post=10677"}],"version-history":[{"count":8,"href":"https:\/\/heimatland-um.eu\/index.php?rest_route=\/wp\/v2\/pages\/10677\/revisions"}],"predecessor-version":[{"id":10746,"href":"https:\/\/heimatland-um.eu\/index.php?rest_route=\/wp\/v2\/pages\/10677\/revisions\/10746"}],"up":[{"embeddable":true,"href":"https:\/\/heimatland-um.eu\/index.php?rest_route=\/wp\/v2\/pages\/10638"}],"wp:attachment":[{"href":"https:\/\/heimatland-um.eu\/index.php?rest_route=%2Fwp%2Fv2%2Fmedia&parent=10677"}],"wp:term":[{"taxonomy":"folder","embeddable":true,"href":"https:\/\/heimatland-um.eu\/index.php?rest_route=%2Fwp%2Fv2%2Ffolder&post=10677"}],"curies":[{"name":"wp","href":"https:\/\/api.w.org\/{rel}","templated":true}]}}

<figure class="wp-block-video"><video height="720" style="aspect-ratio: 1280 / 720;" width="1280" controls src="https://heimatland-um.eu/wp-content/uploads/2023/07/FormatFactory-Mux-KR_6KR_63.mp4"></video><figcaption class="wp-element-caption">(Quelle: unbekannt, Datei Hausarchiv)</figcaption></figure>


<div class="su-spacer" style="height:15px"></div>



<p>Privataufnahmen, wahrscheinlich vom Ummarsch des Kavallerie-Regimentes Nr. 6 durch die Stadt Schwedt am 8.9.1937 ab 10 Uhr, während der Abschiedsfeiern aus Anlaß der Verlegung des Regimentes nach Darmstadt. Hier die Parade durch die Stadt im Bereich Vierradener- und Berliner Straße, Verladung der Pferde und Material, Ausfahrt des Zuges und Schloß mit Radfahrer.<br>Da es mehrere Paraden gab ist die Datierung schwierig. Aber die Hinweise im Film zum Feldgottesdienst und Zapfenstreich weisen auf den 8. September hin. Die große Abschiedsparade fand bereits am 29.8.1937 statt. Am 30.8.1937 gab es ein Ausreiten der Schwadronen mit dem Trompeterkorps und am 6. &amp; 7. August fanden Ummärsche einzelner Schwadronen statt.</p>


<div class="su-spacer" style="height:15px"></div>


<div class="su-divider su-divider-style-default" style="margin:0px 0;border-width:1px;border-color:#999999"><a href="#" style="color:#999999">Nach oben</a></div>
<div class="gsp_post_data" 
	            data-post_type="page" 
	            data-cat="" 
	            data-modified="120"
	            data-created="1688566647"
	            data-title="Abzug des Reiterregimentes 1937 / [0]" 
	            data-home="https://heimatland-um.eu"></div>

<p>Privataufnahmen, wahrscheinlich vom Ummarsch des Kavallerie-Regimentes Nr. 6 durch die Stadt Schwedt am 8.9.1937 ab 10 Uhr, während der Abschiedsfeiern aus Anlaß der Verlegung des Regimentes nach Darmstadt. Hier die Parade durch die Stadt im Bereich Vierradener- und Berliner Straße, Verladung der Pferde und Material, Ausfahrt des Zuges und Schloß mit Radfahrer.Da es mehrere Paraden gab ist die Datierung schwierig. <a class="read-more" href="https://heimatland-um.eu/?page_id=10677">weiterlesen</a></p>
