{"id":11258,"date":"2023-06-29T18:56:31","date_gmt":"2023-06-29T16:56:31","guid":{"rendered":"https:\/\/heimatland-um.eu\/?page_id=11258"},"modified":"2024-04-08T18:17:41","modified_gmt":"2024-04-08T16:17:41","slug":"ausgabe-nr-2-von-1930-01-22-0-2-2","status":"publish","type":"page","link":"https:\/\/heimatland-um.eu\/?page_id=11258","title":{"rendered":"Ausgabe Nr. 03 \/ 2024-02-05  [0]"},"content":{"rendered":"\n<p class=\"has-medium-font-size\"><strong>Inhaltsverzeichnis:<\/strong><br><br><\/p>\n\n\n\n<p>&#8211; Kurze Geschichte der Stadt Schwedt \/ Teil 3 (D. Sill)<br>&#8211; Urkunden der Jahre 1269, 1278, 1289 und 1334 bringen Licht ins Dunkel der regionalen Besitzverh\u00e4ltnisse (D. Sill)<br>&#8211; Der Gro\u00dfe Kurf\u00fcrst in Schwedt im Jahre 1677<br>&#8211; Wir informieren (HU)<br><br>Sammlung (HU)<br><\/p>\n\n\n<div class=\"su-spacer\" style=\"height:15px\"><\/div>\n\n\n\n\t\t<div class=\"wppdfemb-frame-container-1\" style=\"-webkit-overflow-scrolling:auto;\">\n\t\t\t<iframe class=\"pdfembed-iframe nonfullscreen wppdf-emb-iframe-1\"\n\t\t\t\tsrc=\"https:\/\/heimatland-um.eu\/?pdfemb-data=eyJwZGZJRCI6MTEyNjAsInRvb2xiYXIiOiJib3RoIiwidG9vbGJhcmZpeGVkIjoib24iLCJpbmRleCI6MSwicGRmZW1iLXNlcnZldXJsIjoiaHR0cHMlM0ElMkYlMkZoZWltYXRsYW5kLXVtLmV1JTJGd3AtY29udGVudCUyRnVwbG9hZHMlMkZzZWN1cmVwZGZzJTJGMjAyNCUyRjA0JTJGTlNIXzIwMjQtMDMucGRmIiwid21fdGV4dCI6ImQzZDNMbWhsYVcxaGRHeGhibVF0ZFcwdVpHVU5DZzBLZTNWelpYSnVZVzFsZlEwS0RRcDNkM2N1YUdWcGJXRjBiR0Z1WkMxMWJTNWtaUT09In0\"\n\t\t\t\t\t\t\t\tdata-pdf-id=\"11260\"\n\t\t\t\tdata-pdf-index=\"1\"\n\t\t\t\tstyle=\"border:none;width:100%;max-width:100%;height:100vh;\"\n\t\t\t\tscrolling=\"yes\">\n\t\t\t<\/iframe>\n\t\t<\/div>\n\n\t\t\n<p class=\"wp-block-pdfemb-pdf-embedder-viewer\"><\/p>\n\n\n<div class=\"su-divider su-divider-style-default\" style=\"margin:0px 0;border-width:1px;border-color:#999999\"><a href=\"#\" style=\"color:#999999\">Nach oben<\/a><\/div>\n<div class=\"gsp_post_data\" \r\n\t            data-post_type=\"page\" \r\n\t            data-cat=\"\" \r\n\t            data-modified=\"120\"\r\n\t            data-created=\"1688064991\"\r\n\t            data-title=\"Ausgabe Nr. 03 \/ 2024-02-05  [0]\" \r\n\t            data-home=\"https:\/\/heimatland-um.eu\"><\/div>","protected":false},"excerpt":{"rendered":"<p>Inhaltsverzeichnis: &#8211; Kurze Geschichte der Stadt Schwedt \/ Teil 3 (D. Sill)&#8211; Urkunden der Jahre 1269, 1278, 1289 und 1334 bringen Licht ins Dunkel der regionalen Besitzverh\u00e4ltnisse (D. Sill)&#8211; Der Gro\u00dfe Kurf\u00fcrst in Schwedt im Jahre 1677&#8211; Wir informieren (HU) Sammlung (HU)<\/p>\n","protected":false},"author":1,"featured_media":0,"parent":9527,"menu_order":0,"comment_status":"open","ping_status":"closed","template":"","meta":{"ngg_post_thumbnail":0,"footnotes":""},"folder":[225],"class_list":["post-11258","page","type-page","status-publish","hentry"],"_links":{"self":[{"href":"https:\/\/heimatland-um.eu\/index.php?rest_route=\/wp\/v2\/pages\/11258","targetHints":{"allow":["GET"]}}],"collection":[{"href":"https:\/\/heimatland-um.eu\/index.php?rest_route=\/wp\/v2\/pages"}],"about":[{"href":"https:\/\/heimatland-um.eu\/index.php?rest_route=\/wp\/v2\/types\/page"}],"author":[{"embeddable":true,"href":"https:\/\/heimatland-um.eu\/index.php?rest_route=\/wp\/v2\/users\/1"}],"replies":[{"embeddable":true,"href":"https:\/\/heimatland-um.eu\/index.php?rest_route=%2Fwp%2Fv2%2Fcomments&post=11258"}],"version-history":[{"count":3,"href":"https:\/\/heimatland-um.eu\/index.php?rest_route=\/wp\/v2\/pages\/11258\/revisions"}],"predecessor-version":[{"id":11262,"href":"https:\/\/heimatland-um.eu\/index.php?rest_route=\/wp\/v2\/pages\/11258\/revisions\/11262"}],"up":[{"embeddable":true,"href":"https:\/\/heimatland-um.eu\/index.php?rest_route=\/wp\/v2\/pages\/9527"}],"wp:attachment":[{"href":"https:\/\/heimatland-um.eu\/index.php?rest_route=%2Fwp%2Fv2%2Fmedia&parent=11258"}],"wp:term":[{"taxonomy":"folder","embeddable":true,"href":"https:\/\/heimatland-um.eu\/index.php?rest_route=%2Fwp%2Fv2%2Ffolder&post=11258"}],"curies":[{"name":"wp","href":"https:\/\/api.w.org\/{rel}","templated":true}]}}