{"id":2470,"date":"2020-02-24T16:37:11","date_gmt":"2020-02-24T16:37:11","guid":{"rendered":"http:\/\/onlinearchiv.portal-schwedt.de\/?page_id=2470"},"modified":"2021-01-22T14:10:32","modified_gmt":"2021-01-22T13:10:32","slug":"dokumente","status":"publish","type":"page","link":"https:\/\/heimatland-um.eu\/?page_id=2470","title":{"rendered":"Schwedt &#8211; Dokumente"},"content":{"rendered":"<div class=\"su-tabs su-tabs-style-default su-tabs-mobile-stack\" data-active=\"2\" data-scroll-offset=\"0\" data-anchor-in-url=\"no\"><div class=\"su-tabs-nav\"><span class=\"\" data-url=\"https:\/\/heimatland-um.eu\/?page_id=166\" data-target=\"self\" tabindex=\"0\" role=\"button\">Schwedt<\/span><span class=\"\" data-url=\"https:\/\/heimatland-um.eu\/?page_id=2470\" data-target=\"\" tabindex=\"0\" role=\"button\">Dokumente<\/span><\/div><div class=\"su-tabs-panes\"><div class=\"su-tabs-pane su-u-clearfix su-u-trim\" data-title=\"Schwedt\">Wechseln zu &#8230;<\/div>\n<div class=\"su-tabs-pane su-u-clearfix su-u-trim\" data-title=\"Dokumente\">Sie befinden sich hier!<\/div><\/div><\/div>\n\n\n\n<!-- Page-list plugin v.5.9 wordpress.org\/plugins\/page-list\/ -->\n<ul class=\"page-list \">\n<li class=\"page_item page-item-9244\"><a href=\"https:\/\/heimatland-um.eu\/?page_id=9244\">Amtsgericht Schwedt &#8211; Grundbuch Band 22\/ 1942 [0]<\/a><\/li>\n<li class=\"page_item page-item-4505\"><a href=\"https:\/\/heimatland-um.eu\/?page_id=4505\">Bericht zur radioaktiven Strahlenbelastung in der DDR nach dem Reaktorungl\u00fcck in Tschernobyl \/ 1986 [0]<\/a><\/li>\n<li class=\"page_item page-item-2474\"><a href=\"https:\/\/heimatland-um.eu\/?page_id=2474\">CIA &#8211; Berichte von 1950 bis 1954 [1]<\/a><\/li>\n<li class=\"page_item page-item-9610\"><a href=\"https:\/\/heimatland-um.eu\/?page_id=9610\">Pfingsttreffen der FDJ in Schwedt &#8211; Teilnehmerheft mit Programmablauf\/ 1968 [0]<\/a><\/li>\n<li class=\"page_item page-item-10529 page_item_has_children\"><a href=\"https:\/\/heimatland-um.eu\/?page_id=10529\">Preu\u00dfische Ges\u00e4tzbl\u00e4tter \/ diverse [0]<\/a>\n<ul class='children'>\n\t<li class=\"page_item page-item-10560\"><a href=\"https:\/\/heimatland-um.eu\/?page_id=10560\">Gesetzblatt 1840 Nr. 2127 &#8211; Tarife f\u00fcr die Benutzung der Oderbr\u00fccke bei Schwedt [0]<\/a><\/li>\n\t<li class=\"page_item page-item-10536\"><a href=\"https:\/\/heimatland-um.eu\/?page_id=10536\">Gesetzblatt 1848 Nr. 2942 &#038; 2943 &#8211; Stra\u00dfen im Kreis Soldin\/Neumark [0]<\/a><\/li>\n\t<li class=\"page_item page-item-10566\"><a href=\"https:\/\/heimatland-um.eu\/?page_id=10566\">Gesetzblatt 1848 Nr. 3027 &#038; 3028 &#8211; Stra\u00dfen im Kreis K\u00f6nigsberg\/Neumark [0]<\/a><\/li>\n\t<li class=\"page_item page-item-10563\"><a href=\"https:\/\/heimatland-um.eu\/?page_id=10563\">Gesetzblatt 1868 Nr. 7166 &#8211; Tarife f\u00fcr die Benutzung der Oderbr\u00fccke bei Schwedt [0]<\/a><\/li>\n\t<li class=\"page_item page-item-10545\"><a href=\"https:\/\/heimatland-um.eu\/?page_id=10545\">Gesetzblatt 1872 Nr. 8033 &#8211; Konzession Angerm\u00fcnde &#8211; Schwedter Eisenbahngesellschaft [0]<\/a><\/li>\n\t<li class=\"page_item page-item-10554\"><a href=\"https:\/\/heimatland-um.eu\/?page_id=10554\">Gesetzblatt 1876 Nr. 8432 &#8211; Ersatzzahlung an den Kronfideikommisfonds [0]<\/a><\/li>\n<\/ul>\n<\/li>\n<li class=\"page_item page-item-7944\"><a href=\"https:\/\/heimatland-um.eu\/?page_id=7944\">Sparkassenkalender &#8211; Auswahl [0]<\/a><\/li>\n<li class=\"page_item page-item-2592\"><a href=\"https:\/\/heimatland-um.eu\/?page_id=2592\">Stadt Schwedt &#8211; Ballett Soiree: Berliner Staatsoper in Schwedt \/ 1979 [0]<\/a><\/li>\n<li class=\"page_item page-item-4712 page_item_has_children\"><a href=\"https:\/\/heimatland-um.eu\/?page_id=4712\">Stadtverwaltung &#038; st\u00e4dtische Veranstaltungen<\/a>\n<ul class='children'>\n\t<li class=\"page_item page-item-4717\"><a href=\"https:\/\/heimatland-um.eu\/?page_id=4717\">Stadt Schwedt &#8211;  Stadtjournal\/Amtsblatt [0]<\/a><\/li>\n\t<li class=\"page_item page-item-2513\"><a href=\"https:\/\/heimatland-um.eu\/?page_id=2513\">Stadt Schwedt &#8211; Entwicklung des Stadtkreises Schwedt seit dem 5. Parteitag der SED \/ 1974 [1]<\/a><\/li>\n\t<li class=\"page_item page-item-2595\"><a href=\"https:\/\/heimatland-um.eu\/?page_id=2595\">Stadt Schwedt &#8211; Regeln f\u00fcr Teilnehmer des Festumzuges zu 700 Jahre Schwedt \/ 1965 [0]<\/a><\/li>\n\t<li class=\"page_item page-item-2509\"><a href=\"https:\/\/heimatland-um.eu\/?page_id=2509\">Stadt Schwedt &#8211; Stadtordnung \/ 1980 [1]<\/a><\/li>\n<\/ul>\n<\/li>\n<li class=\"page_item page-item-11412\"><a href=\"https:\/\/heimatland-um.eu\/?page_id=11412\">Zielstellung zur Gestaltung des Zentrums der Stadt Schwedt\/ k.A. [0]<\/a><\/li>\n\n<\/ul>\n\n\n<div class=\"su-divider su-divider-style-default\" style=\"margin:0px 0;border-width:1px;border-color:#999999\"><a href=\"#\" style=\"color:#999999\">Nach oben<\/a><\/div>\n<div class=\"gsp_post_data\" \r\n\t            data-post_type=\"page\" \r\n\t            data-cat=\"\" \r\n\t            data-modified=\"120\"\r\n\t            data-created=\"1582562231\"\r\n\t            data-title=\"Schwedt &#8211; Dokumente\" \r\n\t            data-home=\"https:\/\/heimatland-um.eu\"><\/div>","protected":false},"excerpt":{"rendered":"","protected":false},"author":1,"featured_media":0,"parent":166,"menu_order":3,"comment_status":"closed","ping_status":"closed","template":"","meta":{"ngg_post_thumbnail":0,"footnotes":""},"folder":[],"class_list":["post-2470","page","type-page","status-publish","hentry"],"_links":{"self":[{"href":"https:\/\/heimatland-um.eu\/index.php?rest_route=\/wp\/v2\/pages\/2470","targetHints":{"allow":["GET"]}}],"collection":[{"href":"https:\/\/heimatland-um.eu\/index.php?rest_route=\/wp\/v2\/pages"}],"about":[{"href":"https:\/\/heimatland-um.eu\/index.php?rest_route=\/wp\/v2\/types\/page"}],"author":[{"embeddable":true,"href":"https:\/\/heimatland-um.eu\/index.php?rest_route=\/wp\/v2\/users\/1"}],"replies":[{"embeddable":true,"href":"https:\/\/heimatland-um.eu\/index.php?rest_route=%2Fwp%2Fv2%2Fcomments&post=2470"}],"version-history":[{"count":10,"href":"https:\/\/heimatland-um.eu\/index.php?rest_route=\/wp\/v2\/pages\/2470\/revisions"}],"predecessor-version":[{"id":6876,"href":"https:\/\/heimatland-um.eu\/index.php?rest_route=\/wp\/v2\/pages\/2470\/revisions\/6876"}],"up":[{"embeddable":true,"href":"https:\/\/heimatland-um.eu\/index.php?rest_route=\/wp\/v2\/pages\/166"}],"wp:attachment":[{"href":"https:\/\/heimatland-um.eu\/index.php?rest_route=%2Fwp%2Fv2%2Fmedia&parent=2470"}],"wp:term":[{"taxonomy":"folder","embeddable":true,"href":"https:\/\/heimatland-um.eu\/index.php?rest_route=%2Fwp%2Fv2%2Ffolder&post=2470"}],"curies":[{"name":"wp","href":"https:\/\/api.w.org\/{rel}","templated":true}]}}