{"id":328,"date":"2019-10-10T09:29:50","date_gmt":"2019-10-10T07:29:50","guid":{"rendered":"http:\/\/onlinearchiv.portal-schwedt.de\/?page_id=328"},"modified":"2025-07-10T19:14:53","modified_gmt":"2025-07-10T17:14:53","slug":"nachrichten-aus-der-region-uckermark","status":"publish","type":"page","link":"https:\/\/heimatland-um.eu\/?page_id=328","title":{"rendered":"Regionalnachrichten"},"content":{"rendered":"<div class=\"su-tabs su-tabs-style-default su-tabs-mobile-stack\" data-active=\"3\" data-scroll-offset=\"0\" data-anchor-in-url=\"no\"><div class=\"su-tabs-nav\"><span class=\"\" data-url=\"https:\/\/heimatland-um.eu\/?page_id=166\" data-target=\"self\" tabindex=\"0\" role=\"button\">Schwedt<\/span><span class=\"\" data-url=\"https:\/\/heimatland-um.eu\/?page_id=9887\" data-target=\"self\" tabindex=\"0\" role=\"button\">Wiki<\/span><span class=\"\" data-url=\"https:\/\/heimatland-um.eu\/?page_id=328\" data-target=\"\" tabindex=\"0\" role=\"button\">Regionalnachrichten<\/span><\/div><div class=\"su-tabs-panes\"><div class=\"su-tabs-pane su-u-clearfix su-u-trim\" data-title=\"Schwedt\">Wechseln zu &#8230;<\/div>\n<div class=\"su-tabs-pane su-u-clearfix su-u-trim\" data-title=\"Wiki\">Wechseln zu &#8230;<\/div>\n<div class=\"su-tabs-pane su-u-clearfix su-u-trim\" data-title=\"Regionalnachrichten\">Sie befinden sich hier!<\/div><\/div><\/div>\n\n\n\n<p class=\"has-black-color has-white-background-color has-text-color has-background has-normal-font-size\"><br><strong>Lesen Sie Nachrichten aus der Uckermark von verschiedenen Anbietern \u00fcber unserem Feed:<\/strong><br><\/p>\n\n\n<ul class=\"su-feed\"><li><a href=\"https:\/\/news.google.com\/rss\/articles\/CBMiygNBVV95cUxNbnI4NTUya2RESUhxTEsxVUMwTm5fWGZfNkN3UnA3aHpNRVdRamVZQzhRaVY0Nm9lX1NsdmtubkdQWU9jN1hRX3BaRDZJTjZyUkhSdDBPUWUzcXNvaVZ6R1BhNDA5ZnpRREwyZUhnR1lueE1uUS1pajVmOWgzSHhZWGJkYnc0N2FtZGc0SWFSYTFEdDVHMUk3Y0Q0aGtNYjA1RkQ3MzRFYjZ0MWE5c25jdmU1UTdsRG1hb2RHZmNncFVpNGg3Q1FkbzJVNnpFampSaHZ1U2M1YzQzV1I5bzMzV1o4dXRqYzVmcG1RbXB2NEdVMU5WUllaRndpR0FjZ1RMWE1aaHRFS0htS3NXakgxclhLY2RUS3VWQkJDSFlUX28tU1ZoeXM1WF85eThxSEtlRUw1NTdFYV9CZVdNemdmVWpkbVFhMWF0WHBoU3JFNUhVNEhWWWtVeHR5cUtVYkQ3Zl9vV01kZ09Db1pDZzVoOURUamxTU0dydng4Q0NKcGlBd0M1c3BtdXhOZ243eUZrVEtpMGo0bGE4X1NUOWpqUUtjNDN1OXJSTG9OLVFwZmgzLTIwU2IwQmxzeUFBNHgzam1LU2gxdzZVQQ?oc=5\" target=\"_blank\" title=\"&lt;a href=&quot;https:\/\/news.google.com\/rss\/articles\/CBMiygNBVV95cUxNbnI4NTUya2RESUhxTEsxVUMwTm5fWGZfNkN3UnA3aHpNRVdRamVZQzhRaVY0Nm9lX1NsdmtubkdQWU9jN1hRX3BaRDZJTjZyUkhSdDBPUWUzcXNvaVZ6R1BhNDA5ZnpRREwyZUhnR1lueE1uUS1pajVmOWgzSHhZWGJkYnc0N2FtZGc0SWFSYTFEdDVHMUk3Y0Q0aGtNYjA1RkQ3MzRFYjZ0MWE5c25jdmU1UTdsRG1hb2RHZmNncFVpNGg3Q1FkbzJVNnpFampSaHZ1U2M1YzQzV1I5bzMzV1o4dXRqYzVmcG1RbXB2NEdVMU5WUllaRndpR0FjZ1RMWE1aaHRFS0htS3NXakgxclhLY2RUS3VWQkJDSFlUX28tU1ZoeXM1WF85eThxSEtlRUw1NTdFYV9CZVdNemdmVWpkbVFhMWF0WHBoU3JFNUhVNEhWWWtVeHR5cUtVYkQ3Zl9vV01kZ09Db1pDZzVoOURUamxTU0dydng4Q0NKcGlBd0M1c3BtdXhOZ243eUZrVEtpMGo0bGE4X1NUOWpqUUtjNDN1OXJSTG9OLVFwZmgzLTIwU2IwQmxzeUFBNHgzam1LU2gxdzZVQQ?oc=5&quot; target=&quot;_blank&quot;&gt;Aus f\u00fcr Ostdeutschlands bekannteste Bauernk\u00e4serei: Warum der Uckerkaas 2026 verschwindet&lt;\/a&gt;&nbsp;&nbsp;&lt;font color=&quot;#6f6f6f&quot;&gt;Berliner Zeitung&lt;\/font&gt;\">Aus f\u00fcr Ostdeutschlands bekannteste Bauernk\u00e4serei: Warum der Uckerkaas 2026 verschwindet - Berliner Zeitung<\/a><\/li><li><a href=\"https:\/\/news.google.com\/rss\/articles\/CBMia0FVX3lxTE5rZldCM0RjOXNKVThyMUVPWVpzWXRlQzFlbko0Yy1fMjdvUGtCVW5rZjl1QnJMUFltenQxbGc3aGZQT2R2NVo1bDF1Q1ZCZ2FEZ3Q5ZnZONFFyWFd4UmVOMzRESGwtYWR6UHk4?oc=5\" target=\"_blank\" title=\"&lt;a href=&quot;https:\/\/news.google.com\/rss\/articles\/CBMia0FVX3lxTE5rZldCM0RjOXNKVThyMUVPWVpzWXRlQzFlbko0Yy1fMjdvUGtCVW5rZjl1QnJMUFltenQxbGc3aGZQT2R2NVo1bDF1Q1ZCZ2FEZ3Q5ZnZONFFyWFd4UmVOMzRESGwtYWR6UHk4?oc=5&quot; target=&quot;_blank&quot;&gt;G\u00fcnstige Gruppenreise in die Uckermark: Tipps &amp; Tricks 2026&lt;\/a&gt;&nbsp;&nbsp;&lt;font color=&quot;#6f6f6f&quot;&gt;Verbandsb\u00fcro&lt;\/font&gt;\">G\u00fcnstige Gruppenreise in die Uckermark: Tipps &amp; Tricks 2026 - Verbandsb\u00fcro<\/a><\/li><li><a href=\"https:\/\/news.google.com\/rss\/articles\/CBMixwFBVV95cUxNLURaS0hRNXFBUWhRcmtVc1ZyY09ramR2LURrTkF3Y0tWRDlGbDlGX0FzQ051ekJZa1lRb1V0QjduR2Vld0tDbW1VUGE3SDFvTzAzd09kbEVLNThxNERtODdkNkZoSzFCcUtqMGdlX3d5MXBqWFd2eUgwVEdKZzNNb3c1QWxUVGJyMVFHTU9VT1laUVhMNkg4djg4a2dZc3Z2YUFpS0twdzhrY0d6T2tzNkRabmtYTGxsUFAyRkRFTFhNLWJmcnlR?oc=5\" target=\"_blank\" title=\"&lt;a href=&quot;https:\/\/news.google.com\/rss\/articles\/CBMixwFBVV95cUxNLURaS0hRNXFBUWhRcmtVc1ZyY09ramR2LURrTkF3Y0tWRDlGbDlGX0FzQ051ekJZa1lRb1V0QjduR2Vld0tDbW1VUGE3SDFvTzAzd09kbEVLNThxNERtODdkNkZoSzFCcUtqMGdlX3d5MXBqWFd2eUgwVEdKZzNNb3c1QWxUVGJyMVFHTU9VT1laUVhMNkg4djg4a2dZc3Z2YUFpS0twdzhrY0d6T2tzNkRabmtYTGxsUFAyRkRFTFhNLWJmcnlR?oc=5&quot; target=&quot;_blank&quot;&gt;Landratswahl Uckermark 2026: Wie sehr Piwodda die AfD in Gartz auf Abstand h\u00e4lt&lt;\/a&gt;&nbsp;&nbsp;&lt;font color=&quot;#6f6f6f&quot;&gt;MOZ.de&lt;\/font&gt;\">Landratswahl Uckermark 2026: Wie sehr Piwodda die AfD in Gartz auf Abstand h\u00e4lt - MOZ.de<\/a><\/li><li><a href=\"https:\/\/news.google.com\/rss\/articles\/CBMivgFBVV95cUxOMjhsanZXVmJJX2R6WXhwcEJGRXhiRldhY0NXVENadGFRaEx1eUxrTFh0Z2U4ZzZYcFhrU3paWDFuWEtyZ1hTTEhCZzVwN2M4WVpVZ2pNb1dhd09fUDAxVVgyaUcybnR0WXU1TnhxSUF1d1l2S2hMUmVRdF9xUXJUandOZ2FNTDBIREhTOHFVWmd2R1g4TTdzVVJiRWRsV3dTVk0wQ0VZNjRvVXJBQXkzUlNIUEI0UWpnaGphZ0NB?oc=5\" target=\"_blank\" title=\"&lt;a href=&quot;https:\/\/news.google.com\/rss\/articles\/CBMivgFBVV95cUxOMjhsanZXVmJJX2R6WXhwcEJGRXhiRldhY0NXVENadGFRaEx1eUxrTFh0Z2U4ZzZYcFhrU3paWDFuWEtyZ1hTTEhCZzVwN2M4WVpVZ2pNb1dhd09fUDAxVVgyaUcybnR0WXU1TnhxSUF1d1l2S2hMUmVRdF9xUXJUandOZ2FNTDBIREhTOHFVWmd2R1g4TTdzVVJiRWRsV3dTVk0wQ0VZNjRvVXJBQXkzUlNIUEI0UWpnaGphZ0NB?oc=5&quot; target=&quot;_blank&quot;&gt;Gewalt gegen Frauen in Schwedt: Warum viele Betroffene keine Hilfe suchen&lt;\/a&gt;&nbsp;&nbsp;&lt;font color=&quot;#6f6f6f&quot;&gt;MOZ.de&lt;\/font&gt;\">Gewalt gegen Frauen in Schwedt: Warum viele Betroffene keine Hilfe suchen - MOZ.de<\/a><\/li><li><a href=\"https:\/\/news.google.com\/rss\/articles\/CBMiygFBVV95cUxNY2dEN040cTBoOWxsWHZHcklsY1ZsUjFGZE91cU00M2s0YkhxTjl1dEFuWDZ2LXNBa3N0c3NXd3gxNXZrc3BPR1lIZTY2VnlEMEtKX25pdVRZX19NLWFrMElLNTRUQjE3UEJBYTZHVVAwdVpRN3FhZ1ZPX0dUN1BQZEpDa09ZRzBoVll5U29qci1ETHJibnJSV1BHWE9jUlgxSzRWdGRSbkZFcEl2VnN4eXlZMmU3WXE0QWRUU05aSUR2SXRrOEhMcC1n?oc=5\" target=\"_blank\" title=\"&lt;a href=&quot;https:\/\/news.google.com\/rss\/articles\/CBMiygFBVV95cUxNY2dEN040cTBoOWxsWHZHcklsY1ZsUjFGZE91cU00M2s0YkhxTjl1dEFuWDZ2LXNBa3N0c3NXd3gxNXZrc3BPR1lIZTY2VnlEMEtKX25pdVRZX19NLWFrMElLNTRUQjE3UEJBYTZHVVAwdVpRN3FhZ1ZPX0dUN1BQZEpDa09ZRzBoVll5U29qci1ETHJibnJSV1BHWE9jUlgxSzRWdGRSbkZFcEl2VnN4eXlZMmU3WXE0QWRUU05aSUR2SXRrOEhMcC1n?oc=5&quot; target=&quot;_blank&quot;&gt;PCK-Raffinerie Schwedt: Kasachstan plant neue \u00d6l-Route - auch zur Uckermark?&lt;\/a&gt;&nbsp;&nbsp;&lt;font color=&quot;#6f6f6f&quot;&gt;MOZ.de&lt;\/font&gt;\">PCK-Raffinerie Schwedt: Kasachstan plant neue \u00d6l-Route - auch zur Uckermark? - MOZ.de<\/a><\/li><li><a href=\"https:\/\/news.google.com\/rss\/articles\/CBMijwFBVV95cUxPdWRkejdXa1FWR3hwVGNFR2pCMFY2X1lUamxLN0FjbTBweGFJMWhNWHRtVng1TGliQ0JHcF9rV3JmNlowLTdmQzNTQ2dfQ21fUDN4LVVISC1rMHVfNzZQcXRDWHd1aTdsaWR3ZHpOTVJrMnhKUGE3cjJwdXhWV1ZCcU1iQWszck96S2JzZmlpaw?oc=5\" target=\"_blank\" title=\"&lt;a href=&quot;https:\/\/news.google.com\/rss\/articles\/CBMijwFBVV95cUxPdWRkejdXa1FWR3hwVGNFR2pCMFY2X1lUamxLN0FjbTBweGFJMWhNWHRtVng1TGliQ0JHcF9rV3JmNlowLTdmQzNTQ2dfQ21fUDN4LVVISC1rMHVfNzZQcXRDWHd1aTdsaWR3ZHpOTVJrMnhKUGE3cjJwdXhWV1ZCcU1iQWszck96S2JzZmlpaw?oc=5&quot; target=&quot;_blank&quot;&gt;Bye, Berlin! Hier genie\u00dft Angela Merkel insgeheim ihre Rente&lt;\/a&gt;&nbsp;&nbsp;&lt;font color=&quot;#6f6f6f&quot;&gt;wmn.de&lt;\/font&gt;\">Bye, Berlin! Hier genie\u00dft Angela Merkel insgeheim ihre Rente - wmn.de<\/a><\/li><li><a href=\"https:\/\/news.google.com\/rss\/articles\/CBMirgFBVV95cUxPdnU3X3ZsWG53cWJnSlFEMVpjeUlRMkhHRHhCaVc5WXFZQU0zeDItNGpwR0hhclktVF9keElObFRyUUdaU1lta09QOGN3TUhSSjI2OUtxdlNRSk5BTVRZOHJFV2dMR2N3cGN4bEppREJGU1pmWU9XOTg1cExKNzFJTlJJbWJ6U3k5aWFSYTdHYUJFTGFoR2FCRkd4bTF4Y3lDZFhIbUJlY1A1dUVodVE?oc=5\" target=\"_blank\" title=\"&lt;a href=&quot;https:\/\/news.google.com\/rss\/articles\/CBMirgFBVV95cUxPdnU3X3ZsWG53cWJnSlFEMVpjeUlRMkhHRHhCaVc5WXFZQU0zeDItNGpwR0hhclktVF9keElObFRyUUdaU1lta09QOGN3TUhSSjI2OUtxdlNRSk5BTVRZOHJFV2dMR2N3cGN4bEppREJGU1pmWU9XOTg1cExKNzFJTlJJbWJ6U3k5aWFSYTdHYUJFTGFoR2FCRkd4bTF4Y3lDZFhIbUJlY1A1dUVodVE?oc=5&quot; target=&quot;_blank&quot;&gt;Lkw verliert Tiny House auf der Autobahn: Das m\u00fcssen Autofahrer jetzt wissen&lt;\/a&gt;&nbsp;&nbsp;&lt;font color=&quot;#6f6f6f&quot;&gt;Berliner Kurier&lt;\/font&gt;\">Lkw verliert Tiny House auf der Autobahn: Das m\u00fcssen Autofahrer jetzt wissen - Berliner Kurier<\/a><\/li><li><a href=\"https:\/\/news.google.com\/rss\/articles\/CBMisgFBVV95cUxPNDRoc1luSFo3RGhjRUQ5SDVPTWhWWWhnZUxvcGVRUUZLTVhYT3dBOEhwVk5SR256SlZ6SWQybGFJU2NpVmxHWExfbmRrUHBDZXlqMVNTRHQ2ckZ3NnVRcEUwZk8tZ0IxazNsQlBEdlAxM3BGVmx2R2VQNFNiZUJibERVODZhUm8xOU1OX0xzdXV4NlJVRVV1Zy1tcnh5TDU3YlhSMGlSUnU4Q3B6LWpLNlBn?oc=5\" target=\"_blank\" title=\"&lt;a href=&quot;https:\/\/news.google.com\/rss\/articles\/CBMisgFBVV95cUxPNDRoc1luSFo3RGhjRUQ5SDVPTWhWWWhnZUxvcGVRUUZLTVhYT3dBOEhwVk5SR256SlZ6SWQybGFJU2NpVmxHWExfbmRrUHBDZXlqMVNTRHQ2ckZ3NnVRcEUwZk8tZ0IxazNsQlBEdlAxM3BGVmx2R2VQNFNiZUJibERVODZhUm8xOU1OX0xzdXV4NlJVRVV1Zy1tcnh5TDU3YlhSMGlSUnU4Q3B6LWpLNlBn?oc=5&quot; target=&quot;_blank&quot;&gt;Uckermark: Kreisjugendwehrtag in Br\u00fcssow mit 19 Teams&lt;\/a&gt;&nbsp;&nbsp;&lt;font color=&quot;#6f6f6f&quot;&gt;Nordkurier&lt;\/font&gt;\">Uckermark: Kreisjugendwehrtag in Br\u00fcssow mit 19 Teams - Nordkurier<\/a><\/li><li><a href=\"https:\/\/news.google.com\/rss\/articles\/CBMizAFBVV95cUxNZUx2M3ltSFM5S2NnT0xydGt5SVRyZnhGMVJFeEJTR3lSNUQ5Rk9VTXdubVVhbDVWM004OVp2bEtPMXoyMDM4U0gwMVFNLV9WMlJ2c0RtcXh6eXlydjBiTlNHeHdUX19DUnJmS2xtVTl5N1hydldHdllMYk5SWVM3bFB2aXlxVzBxSVhWVXh5V0VmRkhPcGltYV9TNTJfRHpCd1U3YkJVRmVWQVFzdXNLOTJFMkZ5ZzJMMHRvV3dzU1dKLWs0THZNc1BLTTc?oc=5\" target=\"_blank\" title=\"&lt;a href=&quot;https:\/\/news.google.com\/rss\/articles\/CBMizAFBVV95cUxNZUx2M3ltSFM5S2NnT0xydGt5SVRyZnhGMVJFeEJTR3lSNUQ5Rk9VTXdubVVhbDVWM004OVp2bEtPMXoyMDM4U0gwMVFNLV9WMlJ2c0RtcXh6eXlydjBiTlNHeHdUX19DUnJmS2xtVTl5N1hydldHdllMYk5SWVM3bFB2aXlxVzBxSVhWVXh5V0VmRkhPcGltYV9TNTJfRHpCd1U3YkJVRmVWQVFzdXNLOTJFMkZ5ZzJMMHRvV3dzU1dKLWs0THZNc1BLTTc?oc=5&quot; target=&quot;_blank&quot;&gt;Landratswahl in der Uckermark: Was Landr\u00e4tin Karina D\u00f6rk nach der Wiederwahl plant&lt;\/a&gt;&nbsp;&nbsp;&lt;font color=&quot;#6f6f6f&quot;&gt;MOZ.de&lt;\/font&gt;\">Landratswahl in der Uckermark: Was Landr\u00e4tin Karina D\u00f6rk nach der Wiederwahl plant - MOZ.de<\/a><\/li><li><a href=\"https:\/\/news.google.com\/rss\/articles\/CBMiyAFBVV95cUxPTzIxYlJxYlIwN2NFdGFpa1JOMUlaX2puWHhTT1ZZRmZJbEE3UUtSYklkVHdXRzdYNno0VmVFUGpHMHRvUEthbURjdmM5R0ZBM2p2MzdvMzBzeVI4b2t0am43d2xSZWZ5RV9Ra2w1aGctdUZFTTlCNGV5MVdrUlZNdGJQTzhRX3VpaEJDUjlOVWtyYWhmSHJ1OXpRVE1HeUJ0Y2d5SmFaSF91eF9zeWtIMDRLalFEMFdzZGdMemlPak84WkZEMnZrOA?oc=5\" target=\"_blank\" title=\"&lt;a href=&quot;https:\/\/news.google.com\/rss\/articles\/CBMiyAFBVV95cUxPTzIxYlJxYlIwN2NFdGFpa1JOMUlaX2puWHhTT1ZZRmZJbEE3UUtSYklkVHdXRzdYNno0VmVFUGpHMHRvUEthbURjdmM5R0ZBM2p2MzdvMzBzeVI4b2t0am43d2xSZWZ5RV9Ra2w1aGctdUZFTTlCNGV5MVdrUlZNdGJQTzhRX3VpaEJDUjlOVWtyYWhmSHJ1OXpRVE1HeUJ0Y2d5SmFaSF91eF9zeWtIMDRLalFEMFdzZGdMemlPak84WkZEMnZrOA?oc=5&quot; target=&quot;_blank&quot;&gt;Landratswahl Uckermark 2026: D\u00f6rk siegt, doch in diesen Gebieten punktet Teichner&lt;\/a&gt;&nbsp;&nbsp;&lt;font color=&quot;#6f6f6f&quot;&gt;MOZ.de&lt;\/font&gt;\">Landratswahl Uckermark 2026: D\u00f6rk siegt, doch in diesen Gebieten punktet Teichner - MOZ.de<\/a><\/li><li><a href=\"https:\/\/news.google.com\/rss\/articles\/CBMiwwFBVV95cUxNWnBmMEI5b0pIaktxc0pnaGZrREg3QWdTbDJKbzUxQk1VWXlWZnVleVUtbkotVVFaZmhHMXl2Ry0wNUU2T0wyQzBpMW1qWEJxYjl3OUVlckdVdlEzN2tFVmFEOWNsejkxeUI2aGNUd1gxMU9kekZxNTNCSVhPaHJGMXlpMnhHX2Y3Z1VKYlFCY2ZOdjFJWnBZVlJMNXNHVjZBOWVrSGtyMzBqbERwUWNpVmdvbGUydm43M0lxclc1enhZSTQ?oc=5\" target=\"_blank\" title=\"&lt;a href=&quot;https:\/\/news.google.com\/rss\/articles\/CBMiwwFBVV95cUxNWnBmMEI5b0pIaktxc0pnaGZrREg3QWdTbDJKbzUxQk1VWXlWZnVleVUtbkotVVFaZmhHMXl2Ry0wNUU2T0wyQzBpMW1qWEJxYjl3OUVlckdVdlEzN2tFVmFEOWNsejkxeUI2aGNUd1gxMU9kekZxNTNCSVhPaHJGMXlpMnhHX2Y3Z1VKYlFCY2ZOdjFJWnBZVlJMNXNHVjZBOWVrSGtyMzBqbERwUWNpVmdvbGUydm43M0lxclc1enhZSTQ?oc=5&quot; target=&quot;_blank&quot;&gt;Landratswahl Uckermark: Wahlergebnis ist amtlich, \u201edie Uckermark ist nicht blau\u201c&lt;\/a&gt;&nbsp;&nbsp;&lt;font color=&quot;#6f6f6f&quot;&gt;MOZ.de&lt;\/font&gt;\">Landratswahl Uckermark: Wahlergebnis ist amtlich, \u201edie Uckermark ist nicht blau\u201c - MOZ.de<\/a><\/li><li><a href=\"https:\/\/news.google.com\/rss\/articles\/CBMizgFBVV95cUxOa083cFF6UDlZRU44THVpZ2NxbnFIVC1tY2pJRWVIdzYwMHJ6WHhDb0pQSjdnazhuNHRpWXNqVE9valZrRl84UjFIU3pFQWwzYl9TYWdsaFdpWTJBM21IRDhBa2ZiLURLR2t4U0dFa3dtVkU5Y0xVeUMxeDhKc2hpcWE5NWJvYzN3ZUZDaGN2RmhES2VOZlRWQjAwbjU3SnBXWUhGY203bmpVWDl6U2ZodGhFOTV3OWhScHJWSDNiellQaldSbzVZT21BcllJdw?oc=5\" target=\"_blank\" title=\"&lt;a href=&quot;https:\/\/news.google.com\/rss\/articles\/CBMizgFBVV95cUxOa083cFF6UDlZRU44THVpZ2NxbnFIVC1tY2pJRWVIdzYwMHJ6WHhDb0pQSjdnazhuNHRpWXNqVE9valZrRl84UjFIU3pFQWwzYl9TYWdsaFdpWTJBM21IRDhBa2ZiLURLR2t4U0dFa3dtVkU5Y0xVeUMxeDhKc2hpcWE5NWJvYzN3ZUZDaGN2RmhES2VOZlRWQjAwbjU3SnBXWUhGY203bmpVWDl6U2ZodGhFOTV3OWhScHJWSDNiellQaldSbzVZT21BcllJdw?oc=5&quot; target=&quot;_blank&quot;&gt;Landratswahl Uckermark: Wo D\u00f6rk in Schwedt die meisten Stimmen bekam und wo Teichner&lt;\/a&gt;&nbsp;&nbsp;&lt;font color=&quot;#6f6f6f&quot;&gt;MOZ.de&lt;\/font&gt;\">Landratswahl Uckermark: Wo D\u00f6rk in Schwedt die meisten Stimmen bekam und wo Teichner - MOZ.de<\/a><\/li><li><a href=\"https:\/\/news.google.com\/rss\/articles\/CBMizAFBVV95cUxNblJseFJ2aGNEVE9rZ1VBMHRwbkl1UU40Rm84bFJOMFdYSVlOS0hLa3RRNXNPbV92OTVZYTNDRThsQVQ4NEFTSS1kZEJYVWtwS21kazN2WGU0RkpMOGNiZFFqQVFMYzNoQ3ZVOFZKNlVQR2l3QnhwRy1DQktqM0JDb3VTbHZTWnlEX1ZyQlVSbWg2U1JPR1IySHh1N0lLMXg0bXEtZ0RNS04yWHE3R2E2a1RSb3RJZk1OQ2Z1TVdsLXZtblZNSmM1MDJyOE4?oc=5\" target=\"_blank\" title=\"&lt;a href=&quot;https:\/\/news.google.com\/rss\/articles\/CBMizAFBVV95cUxNblJseFJ2aGNEVE9rZ1VBMHRwbkl1UU40Rm84bFJOMFdYSVlOS0hLa3RRNXNPbV92OTVZYTNDRThsQVQ4NEFTSS1kZEJYVWtwS21kazN2WGU0RkpMOGNiZFFqQVFMYzNoQ3ZVOFZKNlVQR2l3QnhwRy1DQktqM0JDb3VTbHZTWnlEX1ZyQlVSbWg2U1JPR1IySHh1N0lLMXg0bXEtZ0RNS04yWHE3R2E2a1RSb3RJZk1OQ2Z1TVdsLXZtblZNSmM1MDJyOE4?oc=5&quot; target=&quot;_blank&quot;&gt;Frauen-Oberligateam des SV 63 verliert zuhause gegen die SG Uckermark&lt;\/a&gt;&nbsp;&nbsp;&lt;font color=&quot;#6f6f6f&quot;&gt;Meetingpoint Brandenburg&lt;\/font&gt;\">Frauen-Oberligateam des SV 63 verliert zuhause gegen die SG Uckermark - Meetingpoint Brandenburg<\/a><\/li><li><a href=\"https:\/\/news.google.com\/rss\/articles\/CBMirgFBVV95cUxQSlRZWHdVeGtQbGtHa2hBRnlXRVY3SUlRQnlPWWdBcUowUWliRXV6amZLLXRUcDZQVmhlOUItMTBRVVN4SERrN2pmT3lvZ1FLOW1HNnZ4VGhlcEs4RTdjUVcxbWpfc1R2bTY2MTVXOHc1clRXLU9hNktKTzVTQVBFSjdVNVhTWWhvYnotRDBCNF9TNmw4M3pkMDJ2Y2ltQ0ZsY1Vjd19OTWdwNjhfMXc?oc=5\" target=\"_blank\" title=\"&lt;a href=&quot;https:\/\/news.google.com\/rss\/articles\/CBMirgFBVV95cUxQSlRZWHdVeGtQbGtHa2hBRnlXRVY3SUlRQnlPWWdBcUowUWliRXV6amZLLXRUcDZQVmhlOUItMTBRVVN4SERrN2pmT3lvZ1FLOW1HNnZ4VGhlcEs4RTdjUVcxbWpfc1R2bTY2MTVXOHc1clRXLU9hNktKTzVTQVBFSjdVNVhTWWhvYnotRDBCNF9TNmw4M3pkMDJ2Y2ltQ0ZsY1Vjd19OTWdwNjhfMXc?oc=5&quot; target=&quot;_blank&quot;&gt;Brandenburg \u2013 CDU besiegt AfD bei Landrats\u00adwahl in der Uckermark&lt;\/a&gt;&nbsp;&nbsp;&lt;font color=&quot;#6f6f6f&quot;&gt;nd-aktuell.de&lt;\/font&gt;\">Brandenburg \u2013 CDU besiegt AfD bei Landrats\u00adwahl in der Uckermark - nd-aktuell.de<\/a><\/li><li><a href=\"https:\/\/news.google.com\/rss\/articles\/CBMiZ0FVX3lxTE4tNGZWQ3pkVTgzTmlVTmUtbGRfMk1VNy1FSGNFdXVNZmRza21UNUpfNWhTemdWbHF1VVhGVXUtWDJaOXJ4SGI3VmNXYUJEaXo0WmNZUVlaWllaTDFNTF9JemF5ZGpLdTQ?oc=5\" target=\"_blank\" title=\"&lt;a href=&quot;https:\/\/news.google.com\/rss\/articles\/CBMiZ0FVX3lxTE4tNGZWQ3pkVTgzTmlVTmUtbGRfMk1VNy1FSGNFdXVNZmRza21UNUpfNWhTemdWbHF1VVhGVXUtWDJaOXJ4SGI3VmNXYUJEaXo0WmNZUVlaWllaTDFNTF9JemF5ZGpLdTQ?oc=5&quot; target=&quot;_blank&quot;&gt;Landratswahl in Nordbrandenburg: Unterstatement aus der Uckermark&lt;\/a&gt;&nbsp;&nbsp;&lt;font color=&quot;#6f6f6f&quot;&gt;taz.de&lt;\/font&gt;\">Landratswahl in Nordbrandenburg: Unterstatement aus der Uckermark - taz.de<\/a><\/li><li><a href=\"https:\/\/news.google.com\/rss\/articles\/CBMipAFBVV95cUxPeF8yU0NWZlp4ZlZXZjh6OEJBNnFsaFB6Z3hfUHVFQ25qMFBId3RpaFJOTDZ6TGxRS2dNQWZ5Q2pHVzFwRm5zRl9jTmxZRUdOUmFwc1hoX0RhcmVkYlhGSWRHRk01a0MtRzdiY2xjc1ljSFVvMGpGd3pHbVR0WjZDTjBhaVU2T050NC1BYzlxWDVveFBMQlYwZlZldGhyLTBiV2xMZw?oc=5\" target=\"_blank\" title=\"&lt;a href=&quot;https:\/\/news.google.com\/rss\/articles\/CBMipAFBVV95cUxPeF8yU0NWZlp4ZlZXZjh6OEJBNnFsaFB6Z3hfUHVFQ25qMFBId3RpaFJOTDZ6TGxRS2dNQWZ5Q2pHVzFwRm5zRl9jTmxZRUdOUmFwc1hoX0RhcmVkYlhGSWRHRk01a0MtRzdiY2xjc1ljSFVvMGpGd3pHbVR0WjZDTjBhaVU2T050NC1BYzlxWDVveFBMQlYwZlZldGhyLTBiV2xMZw?oc=5&quot; target=&quot;_blank&quot;&gt;Sieg im \u201eblauen Land\u201c: Die Uckermark bleibt CDU-gef\u00fchrt&lt;\/a&gt;&nbsp;&nbsp;&lt;font color=&quot;#6f6f6f&quot;&gt;Berliner Zeitung&lt;\/font&gt;\">Sieg im \u201eblauen Land\u201c: Die Uckermark bleibt CDU-gef\u00fchrt - Berliner Zeitung<\/a><\/li><li><a href=\"https:\/\/news.google.com\/rss\/articles\/CBMiygFBVV95cUxQZWZhTEFMbzdMSWh0cW9GQnA2WncyWDdjblc2U3NBNDVfNW00Mm5mVmRLRVNNQzBVRnlSQlNCY1RtNEs4UVc0WEZVd0EwMXJCMlVscE9BQmxLWHJIRFFOSnlUZlhOejVscGFnN19jN2pySkhJR2wxNmV3UXZyLUhGcTZGcElNLXNTdmNUZDhDNE5PS3FsUms4UTdzVS1oUHRrRTRlSlVUWkpaOWN2VXNPUnJnaG1LcHFfbjZMRzF1MUtDbVlYQWhRYnVB?oc=5\" target=\"_blank\" title=\"&lt;a href=&quot;https:\/\/news.google.com\/rss\/articles\/CBMiygFBVV95cUxQZWZhTEFMbzdMSWh0cW9GQnA2WncyWDdjblc2U3NBNDVfNW00Mm5mVmRLRVNNQzBVRnlSQlNCY1RtNEs4UVc0WEZVd0EwMXJCMlVscE9BQmxLWHJIRFFOSnlUZlhOejVscGFnN19jN2pySkhJR2wxNmV3UXZyLUhGcTZGcElNLXNTdmNUZDhDNE5PS3FsUms4UTdzVS1oUHRrRTRlSlVUWkpaOWN2VXNPUnJnaG1LcHFfbjZMRzF1MUtDbVlYQWhRYnVB?oc=5&quot; target=&quot;_blank&quot;&gt;Landratswahl Uckermark 2026: D\u00f6rk oder Teichner, so w\u00e4hlten Angerm\u00fcnde und Gartz&lt;\/a&gt;&nbsp;&nbsp;&lt;font color=&quot;#6f6f6f&quot;&gt;MOZ.de&lt;\/font&gt;\">Landratswahl Uckermark 2026: D\u00f6rk oder Teichner, so w\u00e4hlten Angerm\u00fcnde und Gartz - MOZ.de<\/a><\/li><li><a href=\"https:\/\/news.google.com\/rss\/articles\/CBMimgFBVV95cUxQYmxmNDdCTjRPS0l2OUs4MXpBNFFkUGNUS04xWjVYckFQZnRYUGpscjE3a2tlblRBNUlXRk9qQjF4WE5ULVNPYnZHaXk1cnRwRU9oM1Y4ZGtoNmphVUo2YTcyU1ByRHdBX3JfYXpjaXF3WHExN3N3eXN2ZFNPMXdZdHRya0JWU2tKXzZJUTQ4bmtsdl9Ka0c1VFNR?oc=5\" target=\"_blank\" title=\"&lt;a href=&quot;https:\/\/news.google.com\/rss\/articles\/CBMimgFBVV95cUxQYmxmNDdCTjRPS0l2OUs4MXpBNFFkUGNUS04xWjVYckFQZnRYUGpscjE3a2tlblRBNUlXRk9qQjF4WE5ULVNPYnZHaXk1cnRwRU9oM1Y4ZGtoNmphVUo2YTcyU1ByRHdBX3JfYXpjaXF3WHExN3N3eXN2ZFNPMXdZdHRya0JWU2tKXzZJUTQ4bmtsdl9Ka0c1VFNR?oc=5&quot; target=&quot;_blank&quot;&gt;Landratswahl in der Uckermark - Karina D\u00f6rk verteidigt ihr Amt&lt;\/a&gt;&nbsp;&nbsp;&lt;font color=&quot;#6f6f6f&quot;&gt;schwulissimo.de&lt;\/font&gt;\">Landratswahl in der Uckermark - Karina D\u00f6rk verteidigt ihr Amt - schwulissimo.de<\/a><\/li><li><a href=\"https:\/\/news.google.com\/rss\/articles\/CBMiYkFVX3lxTE43ZWZ0UTBmSzVqN24td0c4TFJ1Z2RzNVlWM0xqcUVMZ0xvLTd3ajQ4MC1xTU1SLW0ydkFLb295Nm9Td2RrTjM1YjhwbXZEazZxcDVwMjRFUnNEdDNKS1FhYVFR?oc=5\" target=\"_blank\" title=\"&lt;a href=&quot;https:\/\/news.google.com\/rss\/articles\/CBMiYkFVX3lxTE43ZWZ0UTBmSzVqN24td0c4TFJ1Z2RzNVlWM0xqcUVMZ0xvLTd3ajQ4MC1xTU1SLW0ydkFLb295Nm9Td2RrTjM1YjhwbXZEazZxcDVwMjRFUnNEdDNKS1FhYVFR?oc=5&quot; target=&quot;_blank&quot;&gt;Landratswahl in Brandenburg: Die AfD kann nicht gewinnen&lt;\/a&gt;&nbsp;&nbsp;&lt;font color=&quot;#6f6f6f&quot;&gt;taz.de&lt;\/font&gt;\">Landratswahl in Brandenburg: Die AfD kann nicht gewinnen - taz.de<\/a><\/li><li><a href=\"https:\/\/news.google.com\/rss\/articles\/CBMi8AFBVV95cUxQcU1nU2x5NW5oQXBvVkRIYVZSRHBLdVJhOEt6V2JXMUVEeXdVQ3dpM2pCbXVjZUpaWUtabS1adzZFc2dvN1NYUGNEY1BCdDhUVWpCeHcwYkpoUzBsYS1WX0NoeXMxUEl4RUVGVGdPVTgycXNhMXRpQ0RDUjNzbHd4V3NDTTctNVlPUEZSaTllWW04aVlGS0RVNG9mUHJVOU1XY1JiR0M1bWE3X0pDTHEwdG10eFZETnFydmNRa0h2TG9iTWhvTmItZ1JsS3Zmc3AyWWJrSEtiTWhaWlFaRjhOOGFMRGE4MUUtTmwwVDBkenI?oc=5\" target=\"_blank\" title=\"&lt;a href=&quot;https:\/\/news.google.com\/rss\/articles\/CBMi8AFBVV95cUxQcU1nU2x5NW5oQXBvVkRIYVZSRHBLdVJhOEt6V2JXMUVEeXdVQ3dpM2pCbXVjZUpaWUtabS1adzZFc2dvN1NYUGNEY1BCdDhUVWpCeHcwYkpoUzBsYS1WX0NoeXMxUEl4RUVGVGdPVTgycXNhMXRpQ0RDUjNzbHd4V3NDTTctNVlPUEZSaTllWW04aVlGS0RVNG9mUHJVOU1XY1JiR0M1bWE3X0pDTHEwdG10eFZETnFydmNRa0h2TG9iTWhvTmItZ1JsS3Zmc3AyWWJrSEtiTWhaWlFaRjhOOGFMRGE4MUUtTmwwVDBkenI?oc=5&quot; target=&quot;_blank&quot;&gt;Sieg in der Uckermark: CDU-Landr\u00e4tin D\u00f6rk verteidigt Amt gegen AfD in Brandenburg&lt;\/a&gt;&nbsp;&nbsp;&lt;font color=&quot;#6f6f6f&quot;&gt;WELT&lt;\/font&gt;\">Sieg in der Uckermark: CDU-Landr\u00e4tin D\u00f6rk verteidigt Amt gegen AfD in Brandenburg - WELT<\/a><\/li><\/ul>\n<div class=\"gsp_post_data\" \r\n\t            data-post_type=\"page\" \r\n\t            data-cat=\"\" \r\n\t            data-modified=\"120\"\r\n\t            data-created=\"1570699790\"\r\n\t            data-title=\"Regionalnachrichten\" \r\n\t            data-home=\"https:\/\/heimatland-um.eu\"><\/div>","protected":false},"excerpt":{"rendered":"<p>Lesen Sie Nachrichten aus der Uckermark von verschiedenen Anbietern \u00fcber unserem Feed:<\/p>\n","protected":false},"author":1,"featured_media":0,"parent":9887,"menu_order":0,"comment_status":"closed","ping_status":"closed","template":"","meta":{"ngg_post_thumbnail":0,"footnotes":""},"folder":[251],"class_list":["post-328","page","type-page","status-publish","hentry"],"_links":{"self":[{"href":"https:\/\/heimatland-um.eu\/index.php?rest_route=\/wp\/v2\/pages\/328","targetHints":{"allow":["GET"]}}],"collection":[{"href":"https:\/\/heimatland-um.eu\/index.php?rest_route=\/wp\/v2\/pages"}],"about":[{"href":"https:\/\/heimatland-um.eu\/index.php?rest_route=\/wp\/v2\/types\/page"}],"author":[{"embeddable":true,"href":"https:\/\/heimatland-um.eu\/index.php?rest_route=\/wp\/v2\/users\/1"}],"replies":[{"embeddable":true,"href":"https:\/\/heimatland-um.eu\/index.php?rest_route=%2Fwp%2Fv2%2Fcomments&post=328"}],"version-history":[{"count":65,"href":"https:\/\/heimatland-um.eu\/index.php?rest_route=\/wp\/v2\/pages\/328\/revisions"}],"predecessor-version":[{"id":11607,"href":"https:\/\/heimatland-um.eu\/index.php?rest_route=\/wp\/v2\/pages\/328\/revisions\/11607"}],"up":[{"embeddable":true,"href":"https:\/\/heimatland-um.eu\/index.php?rest_route=\/wp\/v2\/pages\/9887"}],"wp:attachment":[{"href":"https:\/\/heimatland-um.eu\/index.php?rest_route=%2Fwp%2Fv2%2Fmedia&parent=328"}],"wp:term":[{"taxonomy":"folder","embeddable":true,"href":"https:\/\/heimatland-um.eu\/index.php?rest_route=%2Fwp%2Fv2%2Ffolder&post=328"}],"curies":[{"name":"wp","href":"https:\/\/api.w.org\/{rel}","templated":true}]}}