{"id":7796,"date":"2020-12-17T16:49:01","date_gmt":"2020-12-17T15:49:01","guid":{"rendered":"https:\/\/heimatland-um.eu\/?page_id=7796"},"modified":"2023-06-15T12:34:51","modified_gmt":"2023-06-15T10:34:51","slug":"militaer","status":"publish","type":"page","link":"https:\/\/heimatland-um.eu\/?page_id=7796","title":{"rendered":"Schwedter Dragoner &#038; Reiterregiment"},"content":{"rendered":"<div class=\"su-tabs su-tabs-style-default su-tabs-mobile-stack\" data-active=\"2\" data-scroll-offset=\"0\" data-anchor-in-url=\"no\"><div class=\"su-tabs-nav\"><span class=\"\" data-url=\"https:\/\/heimatland-um.eu\/?page_id=166\" data-target=\"self\" tabindex=\"0\" role=\"button\">Schwedt<\/span><span class=\"\" data-url=\"https:\/\/heimatland-um.eu\/?page_id=6321\" data-target=\"\" tabindex=\"0\" role=\"button\">Milit\u00e4r &amp; Krieg<\/span><\/div><div class=\"su-tabs-panes\"><div class=\"su-tabs-pane su-u-clearfix su-u-trim\" data-title=\"Schwedt\">Wechseln zu &#8230;<\/div>\n<div class=\"su-tabs-pane su-u-clearfix su-u-trim\" data-title=\"Milit\u00e4r &amp; Krieg\">Sie befinden sich hier!<\/div><\/div><\/div>\n\n\n\n<p>\u00dcber die in Schwedt stationierten Regimenter gibt es einige Ausarbeitungen. Neben den B\u00fcchern von Probst, Kraatz-Koschlau, S\u00f6hlke, Albedyll, Matschke, Schellendorff (2) und Poseck gibt es auch zahlreiche Artikel \u00fcber die Regimentsgeschichte in den Schwedter Heimatbl\u00e4ttern und den damaligen Zeitungen Schwedter Tageblatt, Schwedter Zeitung sowie den Schwedter Jahresbl\u00e4ttern und der Mark Brandenburg. Diese Werke liegen uns alle in Buchform vor. Matschke, Schellendorf &amp; Poseck sind allerdings noch nicht digitalisiert. Diese Werke beinhalten neben Schwedt auch die anderen Stationsorte wie Gartz, Vierraden,Pasewalk, Demmin u.a.. Es befinden sich dar\u00fcber hinaus noch weitere Brosch\u00fcren, wie das Sonderheft zum 250-j\u00e4hrigen Jubileum 1939, in unserem Fundus. Wir suchen allerdings noch weitere Ausarbeitungen, die in unserem <strong><em><a href=\"https:\/\/heimatland-um.eu\/?page_id=8178\" target=\"_blank\" rel=\"noreferrer noopener\">Findbuch Nr. 1<\/a><\/em><\/strong> mit &#8222;nicht im Bestand&#8220; gekennzeichnet sind. Nach 1945 wurde die milit\u00e4rische Tradition in der Bundeswehr fortgef\u00fchrt. Dar\u00fcber gibt es ebenfalls einige Schriften, die es allerdings nicht in unseren Fundus geschafft haben, da sie nicht unsere Region vertreten.<\/p>\n\n\n<div class=\"su-spacer\" style=\"height:30px\"><\/div>\n\n\n\n<!-- Page-list plugin v.5.9 wordpress.org\/plugins\/page-list\/ -->\n<ul class=\"page-list \">\n<li class=\"page_item page-item-10594\"><a href=\"https:\/\/heimatland-um.eu\/?page_id=10594\">Der Schwedter Dragoner Nr. 20 inkl. 250-j\u00e4hriges Jubileum \/ 1939 [0]<\/a><\/li>\n<li class=\"page_item page-item-10910\"><a href=\"https:\/\/heimatland-um.eu\/?page_id=10910\">Einladung zum Schwedter Dragoner-Tag \/ 1934 [0]<\/a><\/li>\n<li class=\"page_item page-item-10921\"><a href=\"https:\/\/heimatland-um.eu\/?page_id=10921\">Frontzeitung des Kavallerie-Regiments Nr. 6 Heft 21 \/ 1943 [0]<\/a><\/li>\n<li class=\"page_item page-item-9115\"><a href=\"https:\/\/heimatland-um.eu\/?page_id=9115\">Gl\u00f6de &#8211; Die Schwedter Dragoner \/ 1882 [0]<\/a><\/li>\n<li class=\"page_item page-item-10905\"><a href=\"https:\/\/heimatland-um.eu\/?page_id=10905\">Jahresbericht der Kameradschaft ehem. Schwedter Dragoner \/ 1937 [0]<\/a><\/li>\n<li class=\"page_item page-item-9501\"><a href=\"https:\/\/heimatland-um.eu\/?page_id=9501\">K. A. &#8211; Das 200j\u00e4hrige Jubil\u00e4um des 1. Brandenburgischen Dragoner-Regiments Nr. 2 \/ 1889 [0]<\/a><\/li>\n<li class=\"page_item page-item-255\"><a href=\"https:\/\/heimatland-um.eu\/?page_id=255\">Probst &#8211; Geschichte des K\u00f6niglich-Preu\u00dfischen Zweiten Dragoner-Regiments \/ 1829 [0]<\/a><\/li>\n<li class=\"page_item page-item-10589\"><a href=\"https:\/\/heimatland-um.eu\/?page_id=10589\">Schwedter Tageblatt &#8211; Abschiedsveranstaltungen vom 28.\/29. August\/ 1937 [0]<\/a><\/li>\n<li class=\"page_item page-item-5354\"><a href=\"https:\/\/heimatland-um.eu\/?page_id=5354\">Kraatz-Koschlau &#8211; Geschichte des 1. Brandenburgischen Dragoner-Regiments Nr. 2 \/ 1878 [0]<\/a><\/li>\n<li class=\"page_item page-item-8170\"><a href=\"https:\/\/heimatland-um.eu\/?page_id=8170\">Schwebel &#8211; Schwedt und die Schwedter Dragoner \/ 1889 [0]<\/a><\/li>\n<li class=\"page_item page-item-6352\"><a href=\"https:\/\/heimatland-um.eu\/?page_id=6352\">Albedyll &#8211; Gedenkbl\u00e4tter des Offizierskorps des 1. Brandenburgischen Dragoner-Regiments Nr. 2 \/ 1903 [2]<\/a><\/li>\n<li class=\"page_item page-item-6370\"><a href=\"https:\/\/heimatland-um.eu\/?page_id=6370\">Jubileumsfeier der Schwedter Dragoner zum 250- j\u00e4hrigen Jubileum \/ 1939 [2]<\/a><\/li>\n\n<\/ul>\n\n\n<div class=\"su-divider su-divider-style-default\" style=\"margin:0px 0;border-width:1px;border-color:#999999\"><a href=\"#\" style=\"color:#999999\">Nach oben<\/a><\/div>\n<div class=\"gsp_post_data\" \r\n\t            data-post_type=\"page\" \r\n\t            data-cat=\"\" \r\n\t            data-modified=\"120\"\r\n\t            data-created=\"1608223741\"\r\n\t            data-title=\"Schwedter Dragoner &#038; Reiterregiment\" \r\n\t            data-home=\"https:\/\/heimatland-um.eu\"><\/div>","protected":false},"excerpt":{"rendered":"<p>\u00dcber die in Schwedt stationierten Regimenter gibt es einige Ausarbeitungen. Neben den B\u00fcchern von Probst, Kraatz-Koschlau, S\u00f6hlke, Albedyll, Matschke, Schellendorff (2) und Poseck gibt es auch zahlreiche Artikel \u00fcber die Regimentsgeschichte in den Schwedter Heimatbl\u00e4ttern und den damaligen Zeitungen Schwedter Tageblatt, Schwedter Zeitung sowie den Schwedter Jahresbl\u00e4ttern und der Mark Brandenburg. Diese Werke liegen uns alle in Buchform vor. Matschke, <a class=\"read-more\" href=\"https:\/\/heimatland-um.eu\/?page_id=7796\">weiterlesen<\/a><\/p>\n","protected":false},"author":1,"featured_media":0,"parent":6321,"menu_order":0,"comment_status":"closed","ping_status":"closed","template":"","meta":{"ngg_post_thumbnail":0,"footnotes":""},"folder":[],"class_list":["post-7796","page","type-page","status-publish","hentry"],"_links":{"self":[{"href":"https:\/\/heimatland-um.eu\/index.php?rest_route=\/wp\/v2\/pages\/7796","targetHints":{"allow":["GET"]}}],"collection":[{"href":"https:\/\/heimatland-um.eu\/index.php?rest_route=\/wp\/v2\/pages"}],"about":[{"href":"https:\/\/heimatland-um.eu\/index.php?rest_route=\/wp\/v2\/types\/page"}],"author":[{"embeddable":true,"href":"https:\/\/heimatland-um.eu\/index.php?rest_route=\/wp\/v2\/users\/1"}],"replies":[{"embeddable":true,"href":"https:\/\/heimatland-um.eu\/index.php?rest_route=%2Fwp%2Fv2%2Fcomments&post=7796"}],"version-history":[{"count":5,"href":"https:\/\/heimatland-um.eu\/index.php?rest_route=\/wp\/v2\/pages\/7796\/revisions"}],"predecessor-version":[{"id":10598,"href":"https:\/\/heimatland-um.eu\/index.php?rest_route=\/wp\/v2\/pages\/7796\/revisions\/10598"}],"up":[{"embeddable":true,"href":"https:\/\/heimatland-um.eu\/index.php?rest_route=\/wp\/v2\/pages\/6321"}],"wp:attachment":[{"href":"https:\/\/heimatland-um.eu\/index.php?rest_route=%2Fwp%2Fv2%2Fmedia&parent=7796"}],"wp:term":[{"taxonomy":"folder","embeddable":true,"href":"https:\/\/heimatland-um.eu\/index.php?rest_route=%2Fwp%2Fv2%2Ffolder&post=7796"}],"curies":[{"name":"wp","href":"https:\/\/api.w.org\/{rel}","templated":true}]}}